20110110
In base 4, what is 2322121 - 10?
2322111
In base 13, what is 4 - -4850?
4854
In base 15, what is -75 + 1c?
-58
In base 15, what is 1 + 9de?
9e0
In base 4, what is 1032132031 - -23?
1032132120
In base 11, what is 36a4 - -213?
3907
In base 5, what is 23 - -41024?
41102
In base 6, what is 5043 + 1413?
10500
In base 4, what is -20210320211 - -11?
-20210320200
In base 15, what is -7 - -334c?
3345
In base 9, what is -32 - 3124?
-3156
In base 7, what is -16241 - 36?
-16310
In base 15, what is -d215c - 0?
-d215c
In base 4, what is -2 + -13213023?
-13213031
In base 2, what is -1110100011101010110 + -101?
-1110100011101011011
In base 7, what is -13 - 16204?
-16220
In base 4, what is -2 - 311132?
-311200
In base 6, what is 244424 + -1?
244423
In base 6, what is 3133 + 3300?
10433
In base 2, what is -101010110 - -10001011000?
1100000010
In base 15, what is 0 + -1ed37?
-1ed37
In base 9, what is -870 - 1577?
-2557
In base 15, what is 1a4 + 23?
1c7
In base 8, what is 16026 + -17?
16007
In base 7, what is 610 - -112?
1022
In base 6, what is -54142 - -145?
-53553
In base 7, what is 2 - -4314?
4316
In base 2, what is 101010000111011 - -10110?
101010001010001
In base 8, what is 4 - -2011570?
2011574
In base 12, what is -3b812 - -4?
-3b80a
In base 2, what is 10011101101101 - -10?
10011101101111
In base 12, what is -6a0 - 27?
-707
In base 10, what is -3 + -23476?
-23479
In base 7, what is -36600 - -10?
-36560
In base 7, what is 35 + -105?
-40
In base 2, what is 11011 - 10010011100011?
-10010011001000
In base 8, what is -113 - 1222?
-1335
In base 2, what is -1110000 + 11011111110?
11010001110
In base 8, what is -511156 - 40?
-511216
In base 2, what is -101111000010010000010 - -11?
-101111000010001111111
In base 14, what is 256b5 + -2?
256b3
In base 15, what is 1 + 1ecb?
1ecc
In base 13, what is 5 + 30b53?
30b58
In base 4, what is 0 + 201012113?
201012113
In base 3, what is 10010122 - 2?
10010120
In base 11, what is 8a1 - -291?
1082
In base 5, what is 32233 - -12?
32300
In base 2, what is 11011101111011000 - 0?
11011101111011000
In base 4, what is -12012212 - 1?
-12012213
In base 16, what is 0 - -a1fc?
a1fc
In base 3, what is 1001011 - -12101?
1020112
In base 16, what is -85d6 + 51?
-8585
In base 3, what is 2221021001 + 12?
2221021020
In base 16, what is -2 - 6438?
-643a
In base 15, what is -97 + -141?
-1d8
In base 14, what is -4d582 + 10?
-4d572
In base 13, what is -3009 + 2?
-3007
In base 11, what is -451 + -306?
-757
In base 10, what is 5 - -327902?
327907
In base 9, what is 524264 - 5?
524258
In base 9, what is 166717 - 0?
166717
In base 12, what is -87662 - -6?
-87658
In base 5, what is 1321 - 2023?
-202
In base 10, what is -13814 + -5?
-13819
In base 4, what is 2202 - 3211?
-1003
In base 16, what is -f - 10c?
-11b
In base 3, what is -2012 - 222010?
-1001022
In base 10, what is 3 - -34021?
34024
In base 15, what is 0 + -5760?
-5760
In base 2, what is 110101001010101 - 1000001?
110101000010100
In base 15, what is -8a97 - -3?
-8a94
In base 7, what is 1 + 323324?
323325
In base 12, what is 552 + -196a?
-1418
In base 13, what is 9ba - -cc?
ab9
In base 15, what is -1 - 2e09d?
-2e09e
In base 12, what is 1a2b - -28?
1a57
In base 2, what is 10101110100111010 + 101?
10101110100111111
In base 4, what is -22 + 3213?
3131
In base 4, what is -121213221 + 20?
-121213201
In base 6, what is 10515 - -5?
10524
In base 7, what is 106 + -3013?
-2604
In base 7, what is 260424 + -2?
260422
In base 16, what is 23454 + 5?
23459
In base 12, what is -89 + -1a13?
-1aa0
In base 6, what is -110504 + -45?
-110553
In base 12, what is 31 - ba3?
-b72
In base 10, what is 186 + -86?
100
In base 4, what is 10231112 - -3?
10231121
In base 12, what is 594 + -661?
-89
In base 16, what is -fb + 43?
-b8
In base 5, what is -22 - 31222?
-31244
In base 8, what is 2 + -3241?
-3237
In base 16, what is -5 + -127bf?
-127c4
In base 8, what is 10 + 421332?
421342
In base 11, what is -468a3 + -7?
-468aa
In base 10, what is -1 - -39686?
39685
In base 6, what is -20044 - 3?
-20051
In base 5, what is 302413 + -102?
302311
In base 7, what is -5131160 - 2?
-5131162
In base 13, what is -6959 + 14?
-6945
In base 16, what is -2f - -754?
725
In base 5, what is 4 - 302241?
-302232
In base 15, what is 32796 - -5?
3279b
In base 5, what is -3 + 12204?
12201
In base 12, what is 11381 - 2?
1137b
In base 3, what is 1120 - 1010010?
-1001120
In base 6, what is -41422 - -24?
-41354
In base 5, what is 211 + -134?
22
In base 10, what is 6 + -83611?
-83605
In base 7, what is -56 - 2562?
-2651
In base 11, what is -308390 - 3?
-308393
In base 2, what is 100 - -10010110001000?
10010110001100
In base 2, what is 1111000000 + 10001000000?
100000000000
In base 11, what is -930 + -25?
-955
In base 8, what is 17 + -20021?
-20002
In base 16, what is 769 + 32?
79b
In base 15, what is 0 + 120d5?
120d5
In base 11, what is -47a - -9a?
-390
In base 6, what is -2 + 10510524?
10510522
In base 2, what is 101000111110101 - 1100011?
101000110010010
In base 2, what is -101 - 10111001010000?
-10111001010101
In base 10, what is -6 + 324010?
324004
In base 11, what is 175185 - -4?
175189
In base 13, what is -5 - -374a?
3745
In base 2, what is -101000 - 111000101101?
-111001010101
In base 8, what is 1764 + -276?
1466
In base 5, what is -3 - -211224320?
211224312
In base 8, what is -1436 + -1545?
-3203
In base 4, what is 123 + 21300313?
21301102
In base 4, what is -3 + -301230?
-301233
In base 16, what is e82 + -37?
e4b
In base 9, what is 1 + -35838?
-35837
In base 12, what is 44b10b + -2?
44b109
In base 12, what is 265 + 598?
841
In base 6, what is 2 - -101521?
101523
In base 5, what is -2043111103 - 1?
-2043111104
In base 5, what is 22 - 220433?
-220411
In base 15, what is -11189 - 1?
-1118a
In base 13, what is 4 - 90a5?
-90a1
In base 13, what is -3 - 6774?
-6777
In base 10, what is 56835 + -6?
56829
In base 9, what is 1256134 + -4?
1256130
In base 3, what is 1112 + -112222100?
-112220211
In base 2, what is 101 - -1100001010100011110?
1100001010100100011
In base 14, what is -5d + 6a?
b
In base 10, what is -2319 + -2272?
-4591
In base 6, what is 5502101 + 21?
5502122
In base 5, what is 0 - -3331441?
3331441
In base 9, what is -5 + -146445?
-146451
In base 3, what is -1211 - 10110?
-12021
In base 2, what is 11 - 111011110?
-111011011
In base 16, what is 79 + -f1?
-78
In base 15, what is -ae - -11b?
5c
In base 8, what is -3 + 110431?
110426
In base 14, what is -63 + -831?
-894
In base 4, what is -31 + -220101230?
-220101321
In base 11, what is 3 + -252690?
-252688
In base 16, what is -188 + -1534?
-16bc
In base 7, what is -3051160 + 4?
-3051153
In base 9, what is -13 - 16340?
-16353
In base 14, what is 105b + 12?
106d
In base 11, what is -1 + 29171a?
291719
In base 9, what is -1376 + 1157?
-218
In base 7, what is -616 - -1611?
662
In base 12, what is -7 - -5a1bb?
5a1b4
In base 8, what is 6 - -1232350?
1232356
In base 16, what is -64d + -185?
-7d2
In base 7, what is 12 + 6440?
6452
In base 13, what is 1a3b - -bb?
1b29
In base 14, what is 5 + -3226?
-3221
In base 7, what is 2125 + -14?
2111
In base 8, what is 10201 - -75?
10276
In base 4, what is -3 - 1133323102?
-1133323111
In base 14, what is 4 + 21aa2d?
21aa33
In base 9, what is -570 + -35?
-615
In base 11, what is -82a23 + 1?
-82a22
In base 9, what is -5 - 125006?
-125012
In base 2, what is -1100101010011 - 10?
-1100101010101
In base 13, what is 8 - -103255?
103260
In base 8, what is 33 + -12474?
-12441
In base 11, what is -5 - -12a15?
12a10
In base 15, what is 76 - 5e5?
-56e
In base 8, what is 1570 + -1443?
125
In base 6, what is -30324 + -131?
-30455
In base 13, what is -117 - 1a94?
-1bab
In base 11, what is -12 - -2a761?
2a74a
In base 12, what is -353 + -379?
-710
In base 11, what is -63 - 11009?
-11071
In base 7, what is 2 + 105253?
105255
In base 5, what is 23101 - -12044?
40200
In base 11, what is -52200 - -3?
-521a8
In base 16, what is 16 - -115e7?
115fd
In base 13, what is -155 + -9b8?
-b40
In base 15, what is 46 + 590?
5d6
In base 7, what is -23 - 3226?
-3252
In base 14, what is 57d2 + -13?
57bd
In base 14, what is 122a - b5?
1155
In base 5, what is 1133214 - -4?
1133223
In base 14, what is 1 - -3912?
3913
In base 6, what is -13 - 25334411?
-25334424
In base 13, what is 5caa - -6?
5cb